 y(-4). Suppose -2*f + 54 = -n*j, f + 0*j = 4*j + 33. Calculate the greatest common divisor of f and d.
5
Suppose -5*v + 2*t + 178 = 6*t, v = -2*t + 38. Let g be (10/(-15))/((-4)/306). Calculate the highest common factor of v and g.
17
Let s be 3/((-6)/1)*2 + -189. Let k be s/(-3) + (-35)/15 + 2. Calculate the greatest common divisor of k and 7.
7
Let c be ((-1041)/(-9))/(1/9*3). Let u = c - 6. Calculate the greatest common divisor of u and 31.
31
Let l(t) = 4*t**3 + 2*t**2 + t + 6. Let u be l(3). Suppose 5*o + x = u, -4*o + 5*x = -2*o - 27. What is the greatest common divisor of o and 13?
13
Let k(n) = n**3 - 6*n**2 - 8*n - 7. Let z be k(-5). Let v be z/(-8) - 1/4. What is the highest common divisor of 10 and v?
10
Let y(v) = -7*v**3 + 13*v**2 - 7*v - 5. Let m(q) = q**3 + q**2 - q. Let w(x) = 5*m(x) + y(x). Let p be w(8). What is the greatest common factor of 3 and p?
3
Suppose -w + 182 - 30 = 0. Let b be (-2 - -1)/((-4)/76). What is the highest common divisor of w and b?
19
Let u(w) = w**2 + 6*w + 69. Let b be u(-7). Calculate the highest common factor of 266 and b.
38
Let p(x) = 26*x + 79. Let t(a) = 3*a - 32. Let r be t(16). Let k be p(r). What is the highest common divisor of 45 and k?
45
Let j(a) = 2*a**2 + 3*a - 7. Let p be j(-5). Suppose -4*d - 5*h + 82 = 0, -4*h - p = -2*d - 0*h. What is the greatest common factor of d and 36?
18
Suppose 75 = 3*a - 2*q - 543, -2*a = -4*q - 420. What is the greatest common divisor of 153 and a?
51
Let u be (-6)/10 + (-865)/(-25). Let a = 273 + -188. What is the greatest common factor of a and u?
17
Let n = -85 - -285. Calculate the greatest common factor of 16 and n.
8
Suppose u = -9 - 2. Let p = 22 + u. Suppose -5*g + 41 = 3*t, 0 = 3*g + 1 + 14. Calculate the highest common divisor of t and p.
11
Let v be (3 + -1)/((-7)/(-28)). Let i = v - 8. Suppose i = 4*p - 4*x - 0*x - 748, -3*p + 2*x = -556. Calculate the greatest common factor of p and 26.
26
Let j = 38 + -24. Let u be (4419/21)/3 + 8/(-56). What is the greatest common factor of u and j?
14
Let l = 248 - 136. Calculate the greatest common divisor of 84 and l.
28
Let o(z) = -3*z - 2. Let w be o(-4). Let f(q) = -9*q - 22. Let x be f(-8). Calculate the highest common factor of w and x.
10
Suppose 0 = -13*g + 14*g - q - 150, 564 = 4*g + 5*q. What is the highest common factor of g and 1825?
73
Suppose 2*z + 3*s = -0*z + 47, -s = 3*z - 81. Suppose 4*i - 999 = 3*j, -5*i + 3*j + 1573 = 322. What is the highest common divisor of i and z?
28
Let h(r) = -r**2 + 11*r + 42. Let g be h(13). What is the greatest common factor of g and 128?
16
Let v(b) = 13*b**2 + b. Let s be v(1). Suppose 0 = -q - 15 - 6. Let k = 35 + q. What is the highest common factor of s and k?
14
Let f(z) = -13*z + 263. Let i be f(3). Calculate the highest common divisor of i and 7.
7
Suppose 4*i - 3*z + 7 = 8, -4*z + 4 = 0. What is the greatest common factor of i and 32?
1
Let r be (-3)/(-5) - (-57)/5. Suppose -4*i + 5*l = -5*i - 12, -4*l = r. Let c be 1/i + 534/18. What is the greatest common divisor of 10 and c?
10
Suppose -5*a - 3*g + 492 = 0, 0 = 5*a - a - g - 397. Let l be (5/(-3))/((-11)/a). What is the highest common divisor of l and 165?
15
Suppose 0 = 3*o - 15, 0 = 5*s - 3*s - o - 827. What is the highest common divisor of s and 32?
32
Suppose -3*l = 7*m - 2*m - 33, l = -4*m + 32. Suppose -40 = 5*h - h. Let u be 330/m*(-24)/h. What is the highest common divisor of u and 8?
8
Let o be 18 + (2*1)/2. Let l be (-5632)/(-308) + (-5)/(-7). What is the greatest common divisor of o and l?
19
Let b(q) = 2*q + 2*q - 3*q + q**2 + 1 + q. Let g be b(-3). Suppose 16 - 4 = g*z. Calculate the highest common factor of 27 and z.
3
Suppose -2*l + 60 = -2*q, 7*l - 165 = 2*l + 2*q. Let t = 71 - l. Calculate the highest common divisor of 324 and t.
36
Suppose 0 = -5*s - 3*r + 2*r + 1522, -2*r = 2*s - 604. What is the greatest common factor of 5 and s?
5
Suppose 4*f = -4*f + 24. Suppose -5*w + 50 = -3*u, -f*u + 45 = 5*w - 7*u. Calculate the highest common divisor of w and 117.
13
Suppose 1194 - 5226 = -9*i. Calculate the greatest common divisor of i and 28.
28
Let b be -7 + (2 - 0) - -33. Suppose 0 = -7*t + 4*t + 2*o + b, 0 = -3*t - 3*o + 48. What is the highest common divisor of 204 and t?
12
Suppose -12*z + 134 + 346 = 0. Let i(l) = -l + 2. Let h be i(-3). Calculate the greatest common factor of h and z.
5
Suppose -288 = -16*b + 7*b. Calculate the highest common divisor of 48 and b.
16
Suppose -3*a - 4*c = -53 + 12, 0 = -4*a - c + 33. Let u be (-2)/a + 48/21. Calculate the greatest common divisor of 9 and u.
1
Let z(o) = o**2 + 4*o - 36. Let q be z(-12). Let p = -2 + 26. Calculate the greatest common divisor of q and p.
12
Let m(l) = l**2 - 5*l - 16. Let f be m(12). Let v = 23 + f. Let b(z) = z**3 + 7*z**2 + 7*z - 2. Let d be b(-5). Calculate the greatest common factor of d and v.
13
Let t be ((-84)/(-10))/(3/90). What is the greatest common divisor of 48 and t?
12
Let y(f) = 3 - 5 + 3 + 29*f**3. Let z be 2 - ((-2 - 1) + (-4)/(-1)). Let i be y(z). Calculate the greatest common factor of 12 and i.
6
Let f be (0 - -6)/1*(-504)/(-108). Calculate the highest common divisor of f and 364.
28
Let a be ((-204)/119 - 2/7) + 562. What is the greatest common factor of a and 160?
80
Let z = 91 - 30. Let m = -42 + z. Suppose -176 = -4*i + 356. What is the greatest common factor of m and i?
19
Let b = -724 + 1998. What is the greatest common factor of 98 and b?
98
Suppose 0 = -6*x + 149 - 5. What is the highest common factor of x and 72?
24
Suppose v - 355 = 5*m - 3*v, 5*m = -v - 330. Let x = -62 - m. What is the greatest common divisor of 3 and x?
1
Let k be (-1)/(621/(-309) - -2). Suppose -j - 3 + k = 0. Suppose 5*l = 3*x + j, l - 4*x = -0*l + 37. What is the highest common factor of 17 and l?
17
Let f be (4 - (-14)/(-4))/((-1)/2). Let u be 55*((-2)/6)/(f/3). Calculate the greatest common factor of u and 33.
11
Let z(i) = -i**3 - 49*i - 73*i**2 - 2 + 50*i**2 - 1. Let s be z(-21). What is the highest common divisor of s and 48?
48
Suppose -2 = -2*v, 2*r + 3*v - 3 - 126 = 0. Let m(i) = i**3 - 8*i**2 - 3*i. Let u be m(9). Let p = u + -12. What is the greatest common factor of p and r?
21
Suppose 9*m - 13*m = 3*b - 251, 5*b = -15. What is the highest common factor of m and 20?
5
Suppose -3*b + 29*b - 2184 = 0. Calculate the highest common factor of 966 and b.
42
Suppose k = 5*l - 1372, 15*k = 2*l + 10*k - 535. Calculate the highest common divisor of 99 and l.
11
Let a(d) = 3*d - 9. Let w be a(7). Let i be (-3)/3 + 0 + 22. Let r be 7/i - (-179)/3. Calculate the highest common divisor of w and r.
12
Suppose -2*u - 616 = 6*q - 10*q, -154 = -q - 5*u. Calculate the greatest common factor of 378 and q.
14
Let g(i) = 3*i**2 - i - 2. Let v be g(3). Suppose 816 = -37*j + 31*j. Let f = -26 - j. Calculate the highest common divisor of f and v.
22
Suppose 1 - 49 = -2*u. Calculate the greatest common factor of 3 and u.
3
Let a be -6 + 8/(-16)*-16. Calculate the highest common factor of 22 and a.
2
Suppose 2*f + 8 = -y, 5 = -3*y - 1. Let s = f - -10. Suppose s*x - 2*x = -5*c + 85, 21 = 3*x - 3*c. Calculate the greatest common factor of x and 6.
6
Let k = -12 - -27. Suppose -115 = -2*l - 5*y, -3*l + 160 = l - 4*y. Calculate the highest common divisor of k and l.
15
Let r be (5/(-3))/(4/(-12)). Suppose 0 = -3*k - 4*j - 0*j + 118, 2*k = 4*j + 72. Suppose r*p - k = 567. What is the greatest common divisor of 11 and p?
11
Let k(d) = -d**2 - 9*d - 5. Let b be k(-5). Let j = -5 + b. Let v be 3/(-35)*5 + 283/7. Calculate the greatest common divisor of j and v.
10
Suppose 0 = 27*g - 174 - 2661. Let j(r) = 16*r**2 - 2*r + 1. Suppose 8*m - 5 = 3*m. Let c be j(m). Calculate the greatest common divisor of c and g.
15
Suppose 286*a = 292*a - 594. What is the highest common factor of 66 and a?
33
Let d(n) = 30*n - 106. Let k be d(8). Calculate the greatest common divisor of k and 469.
67
Let d = 211 - 151. Let p = -57 + d. Suppose -5*j + 11 - 1 = 0. What is the highest common factor of p and j?
1
Let w = -311 + 326. Calculate the highest common factor of 345 and w.
15
Let w = -8 + 43. Suppose -2*a + 6*a = -5*s + 26, 5*s + 6 = 4*a. Let q be (-10 - a)*(-2)/4. What is the highest common factor of q and w?
7
Let f(n) = -3*n + 2. Suppose 4*m =